{"id":49,"date":"2025-07-14T13:19:14","date_gmt":"2025-07-14T13:19:14","guid":{"rendered":"https:\/\/sd.krempin.red\/?page_id=49"},"modified":"2025-07-14T13:19:14","modified_gmt":"2025-07-14T13:19:14","slug":"impressum","status":"publish","type":"page","link":"https:\/\/sd.krempin.red\/index.php\/impressum\/","title":{"rendered":"Impressum"},"content":{"rendered":"\n<p>Verantwortlich f\u00fcr den Inhalt der Seite gem\u00e4\u00df \u00a7 10Absatz 3 MDStV: Staufen Direktwerbung GmbH<\/p>\n\n\n\n<p><\/p>\n\n\n\n<p><strong>Staufen Direktwerbung GmbH<\/strong><\/p>\n\n\n\n<p>Siemensstra\u00dfe 11<br>73117 Wangen<\/p>\n\n\n\n<p>Fon&nbsp;0 71 61-36 19 71-0<br>Fax 0 71 61-36 19 71-55<br>info@staufendirekt.de<\/p>\n\n\n\n<p>Sitz: Wangen<br>Gesch\u00e4ftsf\u00fchrer: Markus K\u00f6rber<br>Amtsgericht: Ulm<br>Handelsregister:\u00a0HRB 530431<br>USt-ID: DE 812630429<\/p>\n\n\n\n<p><strong>Plattform der EU-Kommission zur Online-Streitbeilegung:<\/strong>\u00a0<strong><a href=\"https:\/\/ec.europa.eu\/consumers\/odr\/main\/index.cfm?event=main.home.chooseLanguage\" target=\"_blank\" rel=\"noreferrer noopener\">www.ec.europa.eu\/consumers\/odr<\/a><\/strong><\/p>\n\n\n\n<p><strong>Haftungsausschluss<\/strong><\/p>\n\n\n\n<p>Staufen Direktwerbung GmbH ist als Diensteanbieter nach \u00a7 8 Abs. 1 TDG f\u00fcr die eigenen Inhalte,\u00a0die sie zur Nutzung bereith\u00e4lt, nach den allgemeinen Vorschriften verantwortlich. Die Haftung f\u00fcr Sch\u00e4den\u00a0materieller oder ideeller Art, die durch die Nutzung der Inhalte verursacht wurden, ist ausgeschlossen,\u00a0sofern nicht Vorsatz oder grobe Fahrl\u00e4ssigkeit vorliegt.<\/p>\n","protected":false},"excerpt":{"rendered":"<p>Verantwortlich f\u00fcr den Inhalt der Seite gem\u00e4\u00df \u00a7 10Absatz 3 MDStV: Staufen Direktwerbung GmbH Staufen Direktwerbung GmbH Siemensstra\u00dfe 1173117 Wangen Fon&nbsp;0 71 61-36 19 71-0Fax 0 71 61-36 19 71-55info@staufendirekt.de Sitz: WangenGesch\u00e4ftsf\u00fchrer: Markus K\u00f6rberAmtsgericht: UlmHandelsregister:\u00a0HRB 530431USt-ID: DE 812630429 Plattform der EU-Kommission zur Online-Streitbeilegung:\u00a0www.ec.europa.eu\/consumers\/odr Haftungsausschluss Staufen Direktwerbung GmbH ist als Diensteanbieter nach \u00a7 8 Abs. 1&hellip;&nbsp;<\/p>\n","protected":false},"author":1,"featured_media":0,"parent":0,"menu_order":0,"comment_status":"closed","ping_status":"closed","template":"","meta":{"neve_meta_sidebar":"","neve_meta_container":"","neve_meta_enable_content_width":"","neve_meta_content_width":0,"neve_meta_title_alignment":"","neve_meta_author_avatar":"","neve_post_elements_order":"","neve_meta_disable_header":"","neve_meta_disable_footer":"","neve_meta_disable_title":"","footnotes":""},"class_list":["post-49","page","type-page","status-publish","hentry"],"yoast_head":"<!-- This site is optimized with the Yoast SEO plugin v27.2 - https:\/\/yoast.com\/product\/yoast-seo-wordpress\/ -->\n<title>Impressum - Staufen Direkt<\/title>\n<meta name=\"robots\" content=\"index, follow, max-snippet:-1, max-image-preview:large, max-video-preview:-1\" \/>\n<link rel=\"canonical\" href=\"https:\/\/sd.krempin.red\/index.php\/impressum\/\" \/>\n<meta property=\"og:locale\" content=\"de_DE\" \/>\n<meta property=\"og:type\" content=\"article\" \/>\n<meta property=\"og:title\" content=\"Impressum - Staufen Direkt\" \/>\n<meta property=\"og:description\" content=\"Verantwortlich f\u00fcr den Inhalt der Seite gem\u00e4\u00df \u00a7 10Absatz 3 MDStV: Staufen Direktwerbung GmbH Staufen Direktwerbung GmbH Siemensstra\u00dfe 1173117 Wangen Fon&nbsp;0 71 61-36 19 71-0Fax 0 71 61-36 19 71-55info@staufendirekt.de Sitz: WangenGesch\u00e4ftsf\u00fchrer: Markus K\u00f6rberAmtsgericht: UlmHandelsregister:\u00a0HRB 530431USt-ID: DE 812630429 Plattform der EU-Kommission zur Online-Streitbeilegung:\u00a0www.ec.europa.eu\/consumers\/odr Haftungsausschluss Staufen Direktwerbung GmbH ist als Diensteanbieter nach \u00a7 8 Abs. 1&hellip;&nbsp;\" \/>\n<meta property=\"og:url\" content=\"https:\/\/sd.krempin.red\/index.php\/impressum\/\" \/>\n<meta property=\"og:site_name\" content=\"Staufen Direkt\" \/>\n<meta property=\"article:publisher\" content=\"https:\/\/www.facebook.com\/staufendirekt\/\" \/>\n<meta name=\"twitter:card\" content=\"summary_large_image\" \/>\n<meta name=\"twitter:label1\" content=\"Gesch\u00e4tzte Lesezeit\" \/>\n\t<meta name=\"twitter:data1\" content=\"1\u00a0Minute\" \/>\n<script type=\"application\/ld+json\" class=\"yoast-schema-graph\">{\"@context\":\"https:\/\/schema.org\",\"@graph\":[{\"@type\":\"WebPage\",\"@id\":\"https:\/\/sd.krempin.red\/index.php\/impressum\/\",\"url\":\"https:\/\/sd.krempin.red\/index.php\/impressum\/\",\"name\":\"Impressum - Staufen Direkt\",\"isPartOf\":{\"@id\":\"https:\/\/sd.krempin.red\/#website\"},\"datePublished\":\"2025-07-14T13:19:14+00:00\",\"breadcrumb\":{\"@id\":\"https:\/\/sd.krempin.red\/index.php\/impressum\/#breadcrumb\"},\"inLanguage\":\"de\",\"potentialAction\":[{\"@type\":\"ReadAction\",\"target\":[\"https:\/\/sd.krempin.red\/index.php\/impressum\/\"]}]},{\"@type\":\"BreadcrumbList\",\"@id\":\"https:\/\/sd.krempin.red\/index.php\/impressum\/#breadcrumb\",\"itemListElement\":[{\"@type\":\"ListItem\",\"position\":1,\"name\":\"Startseite\",\"item\":\"https:\/\/sd.krempin.red\/\"},{\"@type\":\"ListItem\",\"position\":2,\"name\":\"Impressum\"}]},{\"@type\":\"WebSite\",\"@id\":\"https:\/\/sd.krempin.red\/#website\",\"url\":\"https:\/\/sd.krempin.red\/\",\"name\":\"Staufen Direkt\",\"description\":\"Ihr Profi im Postversand und Fullfillment\",\"publisher\":{\"@id\":\"https:\/\/sd.krempin.red\/#organization\"},\"potentialAction\":[{\"@type\":\"SearchAction\",\"target\":{\"@type\":\"EntryPoint\",\"urlTemplate\":\"https:\/\/sd.krempin.red\/?s={search_term_string}\"},\"query-input\":{\"@type\":\"PropertyValueSpecification\",\"valueRequired\":true,\"valueName\":\"search_term_string\"}}],\"inLanguage\":\"de\"},{\"@type\":\"Organization\",\"@id\":\"https:\/\/sd.krempin.red\/#organization\",\"name\":\"Staufen Direkt\",\"url\":\"https:\/\/sd.krempin.red\/\",\"logo\":{\"@type\":\"ImageObject\",\"inLanguage\":\"de\",\"@id\":\"https:\/\/sd.krempin.red\/#\/schema\/logo\/image\/\",\"url\":\"https:\/\/sd.krempin.red\/wp-content\/uploads\/2025\/07\/Logo_retina.png\",\"contentUrl\":\"https:\/\/sd.krempin.red\/wp-content\/uploads\/2025\/07\/Logo_retina.png\",\"width\":300,\"height\":120,\"caption\":\"Staufen Direkt\"},\"image\":{\"@id\":\"https:\/\/sd.krempin.red\/#\/schema\/logo\/image\/\"},\"sameAs\":[\"https:\/\/www.facebook.com\/staufendirekt\/\",\"https:\/\/www.youtube.com\/channel\/UCoimQQ3z1f_jj3dwVhdu6sw\",\"https:\/\/www.xing.com\/companies\/staufendirektstaufendirektwerbunggmbh\"]}]}<\/script>\n<!-- \/ Yoast SEO plugin. -->","yoast_head_json":{"title":"Impressum - Staufen Direkt","robots":{"index":"index","follow":"follow","max-snippet":"max-snippet:-1","max-image-preview":"max-image-preview:large","max-video-preview":"max-video-preview:-1"},"canonical":"https:\/\/sd.krempin.red\/index.php\/impressum\/","og_locale":"de_DE","og_type":"article","og_title":"Impressum - Staufen Direkt","og_description":"Verantwortlich f\u00fcr den Inhalt der Seite gem\u00e4\u00df \u00a7 10Absatz 3 MDStV: Staufen Direktwerbung GmbH Staufen Direktwerbung GmbH Siemensstra\u00dfe 1173117 Wangen Fon&nbsp;0 71 61-36 19 71-0Fax 0 71 61-36 19 71-55info@staufendirekt.de Sitz: WangenGesch\u00e4ftsf\u00fchrer: Markus K\u00f6rberAmtsgericht: UlmHandelsregister:\u00a0HRB 530431USt-ID: DE 812630429 Plattform der EU-Kommission zur Online-Streitbeilegung:\u00a0www.ec.europa.eu\/consumers\/odr Haftungsausschluss Staufen Direktwerbung GmbH ist als Diensteanbieter nach \u00a7 8 Abs. 1&hellip;&nbsp;","og_url":"https:\/\/sd.krempin.red\/index.php\/impressum\/","og_site_name":"Staufen Direkt","article_publisher":"https:\/\/www.facebook.com\/staufendirekt\/","twitter_card":"summary_large_image","twitter_misc":{"Gesch\u00e4tzte Lesezeit":"1\u00a0Minute"},"schema":{"@context":"https:\/\/schema.org","@graph":[{"@type":"WebPage","@id":"https:\/\/sd.krempin.red\/index.php\/impressum\/","url":"https:\/\/sd.krempin.red\/index.php\/impressum\/","name":"Impressum - Staufen Direkt","isPartOf":{"@id":"https:\/\/sd.krempin.red\/#website"},"datePublished":"2025-07-14T13:19:14+00:00","breadcrumb":{"@id":"https:\/\/sd.krempin.red\/index.php\/impressum\/#breadcrumb"},"inLanguage":"de","potentialAction":[{"@type":"ReadAction","target":["https:\/\/sd.krempin.red\/index.php\/impressum\/"]}]},{"@type":"BreadcrumbList","@id":"https:\/\/sd.krempin.red\/index.php\/impressum\/#breadcrumb","itemListElement":[{"@type":"ListItem","position":1,"name":"Startseite","item":"https:\/\/sd.krempin.red\/"},{"@type":"ListItem","position":2,"name":"Impressum"}]},{"@type":"WebSite","@id":"https:\/\/sd.krempin.red\/#website","url":"https:\/\/sd.krempin.red\/","name":"Staufen Direkt","description":"Ihr Profi im Postversand und Fullfillment","publisher":{"@id":"https:\/\/sd.krempin.red\/#organization"},"potentialAction":[{"@type":"SearchAction","target":{"@type":"EntryPoint","urlTemplate":"https:\/\/sd.krempin.red\/?s={search_term_string}"},"query-input":{"@type":"PropertyValueSpecification","valueRequired":true,"valueName":"search_term_string"}}],"inLanguage":"de"},{"@type":"Organization","@id":"https:\/\/sd.krempin.red\/#organization","name":"Staufen Direkt","url":"https:\/\/sd.krempin.red\/","logo":{"@type":"ImageObject","inLanguage":"de","@id":"https:\/\/sd.krempin.red\/#\/schema\/logo\/image\/","url":"https:\/\/sd.krempin.red\/wp-content\/uploads\/2025\/07\/Logo_retina.png","contentUrl":"https:\/\/sd.krempin.red\/wp-content\/uploads\/2025\/07\/Logo_retina.png","width":300,"height":120,"caption":"Staufen Direkt"},"image":{"@id":"https:\/\/sd.krempin.red\/#\/schema\/logo\/image\/"},"sameAs":["https:\/\/www.facebook.com\/staufendirekt\/","https:\/\/www.youtube.com\/channel\/UCoimQQ3z1f_jj3dwVhdu6sw","https:\/\/www.xing.com\/companies\/staufendirektstaufendirektwerbunggmbh"]}]}},"_links":{"self":[{"href":"https:\/\/sd.krempin.red\/index.php\/wp-json\/wp\/v2\/pages\/49","targetHints":{"allow":["GET"]}}],"collection":[{"href":"https:\/\/sd.krempin.red\/index.php\/wp-json\/wp\/v2\/pages"}],"about":[{"href":"https:\/\/sd.krempin.red\/index.php\/wp-json\/wp\/v2\/types\/page"}],"author":[{"embeddable":true,"href":"https:\/\/sd.krempin.red\/index.php\/wp-json\/wp\/v2\/users\/1"}],"replies":[{"embeddable":true,"href":"https:\/\/sd.krempin.red\/index.php\/wp-json\/wp\/v2\/comments?post=49"}],"version-history":[{"count":1,"href":"https:\/\/sd.krempin.red\/index.php\/wp-json\/wp\/v2\/pages\/49\/revisions"}],"predecessor-version":[{"id":50,"href":"https:\/\/sd.krempin.red\/index.php\/wp-json\/wp\/v2\/pages\/49\/revisions\/50"}],"wp:attachment":[{"href":"https:\/\/sd.krempin.red\/index.php\/wp-json\/wp\/v2\/media?parent=49"}],"curies":[{"name":"wp","href":"https:\/\/api.w.org\/{rel}","templated":true}]}}